is the remainder when 38622 is divided by 561?
474
Calculate the remainder when 8176 is divided by 1022.
0
What is the remainder when 6299 is divided by 399?
314
What is the remainder when 7066 is divided by 353?
6
What is the remainder when 1115484 is divided by 16?
12
Calculate the remainder when 5755 is divided by 126.
85
What is the remainder when 3601 is divided by 1658?
285
Calculate the remainder when 376 is divided by 135.
106
What is the remainder when 134127 is divided by 134111?
16
Calculate the remainder when 69553 is divided by 128.
49
Calculate the remainder when 36777 is divided by 3677.
7
What is the remainder when 214874 is divided by 36?
26
What is the remainder when 26012 is divided by 184?
68
Calculate the remainder when 647748 is divided by 217.
3
What is the remainder when 23483 is divided by 11693?
97
What is the remainder when 377365 is divided by 374?
373
What is the remainder when 12438 is divided by 3106?
14
What is the remainder when 19980 is divided by 313?
261
What is the remainder when 39627 is divided by 333?
0
What is the remainder when 55651 is divided by 18534?
49
Calculate the remainder when 25242 is divided by 30.
12
What is the remainder when 10147 is divided by 390?
7
What is the remainder when 124836 is divided by 145?
136
Calculate the remainder when 573497 is divided by 307.
21
What is the remainder when 16814 is divided by 16805?
9
What is the remainder when 89422 is divided by 22350?
22
Calculate the remainder when 87366 is divided by 39.
6
What is the remainder when 485081 is divided by 54?
53
Calculate the remainder when 24786 is divided by 1732.
538
Calculate the remainder when 7671 is divided by 178.
17
What is the remainder when 989029 is divided by 7?
6
Calculate the remainder when 3086 is divided by 1541.
4
What is the remainder when 233609 is divided by 23?
21
Calculate the remainder when 2142 is divided by 62.
34
What is the remainder when 9488 is divided by 856?
72
What is the remainder when 1645497 is divided by 100?
97
Calculate the remainder when 19397 is divided by 30.
17
Calculate the remainder when 25658 is divided by 457.
66
Calculate the remainder when 3681 is divided by 525.
6
Calculate the remainder when 25911 is divided by 26.
15
Calculate the remainder when 6195 is divided by 40.
35
What is the remainder when 58540 is divided by 9754?
16
Calculate the remainder when 615807 is divided by 17.
16
Calculate the remainder when 500 is divided by 52.
32
Calculate the remainder when 125530 is divided by 11.
9
Calculate the remainder when 887 is divided by 32.
23
Calculate the remainder when 10347 is divided by 5171.
5
Calculate the remainder when 750 is divided by 94.
92
Calculate the remainder when 731046 is divided by 81.
21
Calculate the remainder when 3961 is divided by 493.
17
Calculate the remainder when 74086 is divided by 155.
151
Calculate the remainder when 569 is divided by 194.
181
Calculate the remainder when 11730 is divided by 1705.
1500
Calculate the remainder when 23322 is divided by 52.
26
What is the remainder when 9037 is divided by 1799?
42
What is the remainder when 939964 is divided by 41?
39
What is the remainder when 41127 is divided by 462?
9
What is the remainder when 20328 is divided by 5082?
0
Calculate the remainder when 86910 is divided by 56.
54
What is the remainder when 24564 is divided by 12277?
10
Calculate the remainder when 42761 is divided by 42675.
86
Calculate the remainder when 363278 is divided by 121080.
38
Calculate the remainder when 31901 is divided by 31532.
369
What is the remainder when 5727 is divided by 394?
211
What is the remainder when 3216 is divided by 169?
5
What is the remainder when 36603 is divided by 779?
769
What is the remainder when 789934 is divided by 12?
10
Calculate the remainder when 3740 is divided by 87.
86
Calculate the remainder when 89455 is divided by 89440.
15
Calculate the remainder when 472641 is divided by 236310.
21
What is the remainder when 6271 is divided by 2086?
13
What is the remainder when 4160 is divided by 92?
20
What is the remainder when 2461 is divided by 111?
19
What is the remainder when 29163 is divided by 95?
93
Calculate the remainder when 19631 is divided by 59.
43
What is the remainder when 6141 is divided by 143?
135
What is the remainder when 59297 is divided by 76?
17
Calculate the remainder when 180239 is divided by 90114.
11
What is the remainder when 13743 is divided by 110?
103
Calculate the remainder when 1535 is divided by 170.
5
What is the remainder when 13611 is divided by 6802?
7
Calculate the remainder when 2068141 is divided by 208.
205
What is the remainder when 1557 is divided by 412?
321
What is the remainder when 36618 is divided by 62?
38
Calculate the remainder when 51746 is divided by 6465.
26
What is the remainder when 12639 is divided by 60?
39
Calculate the remainder when 295223 is divided by 175.
173
Calculate the remainder when 11038 is divided by 65.
53
What is the remainder when 14217 is divided by 2366?
21
What is the remainder when 13831 is divided by 101?
95
Calculate the remainder when 47239 is divided by 1389.
13
Calculate the remainder when 1086 is divided by 651.
435
Calculate the remainder when 42075 is divided by 438.
27
Calculate the remainder when 710930 is divided by 9479.
5
What is the remainder when 509162 is divided by 242?
236
Calculate the remainder when 315 is divided by 59.
20
Calculate the remainder when 304792 is divided by 149.
87
What is the remainder when 3907 is divided by 491?
470
Calculate the remainder when 2935327 is divided by 107.
103
What is the remainder when 9117 is divided by 9096?
21
What is the remainder when 42303 is divided by 784?
751
What is the remainder when 95315 is divided by 338?
337
What is the remainder when 2660 is divided by 108?
68
Calculate the remainder when 1147 is divided by 74.
37
What is the remainder when 4301 is divided by 170?
51
Calculate the remainder when 1084 is divided by 27.
4
Calculate the remainder when 948 is divided by 48.
36
Calculate the remainder when 256654 is divided by 7129.
10
Calculate the remainder when 28770 is divided by 5657.
485
What is the remainder when 1131 is divided by 5?
1
What is the remainder when 786533 is divided by 61?
60
Calculate the remainder when 93624 is divided by 7.
6
Calculate the remainder when 248365 is divided by 62091.
1
What is the remainder when 104024 is divided by 15?
14
Calculate the remainder when 161908 is divided by 72.
52
What is the remainder when 449 is divided by 47?
26
What is the remainder when 4076 is divided by 43?
34
Calculate the remainder when 9604 is divided by 734.
62
What is the remainder when 20728 is divided by 2960?
8
What is the remainder when 10270 is divided by 77?
29
Calculate the remainder when 6939 is divided by 122.
107
What is the remainder when 2098 is divided by 96?
82
Calculate the remainder when 95759 is divided by 240.
239
Calculate the remainder when 64967 is divided by 209.
177
Calculate the remainder when 1876 is divided by 461.
32
Calculate the remainder when 6483 is divided by 80.
3
What is the remainder when 118447 is divided by 114?
1
What is the remainder when 400775 is divided by 68?
51
Calculate the remainder when 68282 is divided by 17056.
58
What is the remainder when 2155 is divided by 668?
151
Calculate the remainder when 7634832 is divided by 374.
370
What is the remainder when 4534 is divided by 1118?
62
What is the remainder when 378 is divided by 279?
99
Calculate the remainder when 54507 is divided by 599.
597
What is the remainder when 1425275 is divided by 80?
75
What is the remainder when 2668 is divided by 610?
228
What is the remainder when 1772 is divided by 257?
230
What is the remainder when 2272989 is divided by 5711?
11
Calculate the remainder when 17816 is divided by 2013.
1712
What is the remainder when 14245 is divided by 594?
583
Calculate the remainder when 129103 is divided by 64542.
19
What is the remainder when 10016 is divided by 1258?
1210
Calculate the remainder when 4380 is divided by 230.
10
Calculate the remainder when 25064 is divided by 25035.
29
Calculate the remainder when 4172 is divided by 1373.
53
What is the remainder when 2370856 is divided by 338693?
5
What is t